 a multiple of 112?
False
Is 2230774767 a multiple of 3497?
True
Is 1042562908 a multiple of 19?
True
Is 1095880309 a multiple of 183?
False
Does 4210 divide 1046729724?
False
Is 399 a factor of 1423393797?
True
Is 110 a factor of 28099714?
False
Is 169764903 a multiple of 903?
True
Is 84 a factor of 33288864?
True
Is 4557024 a multiple of 32?
True
Does 73 divide 1844063950?
True
Is 3966328760 a multiple of 17?
False
Is 285 a factor of 37485065?
False
Is 83119596 a multiple of 2229?
False
Is 430278086 a multiple of 4?
False
Is 638017712 a multiple of 16?
True
Is 1156 a factor of 34357476?
True
Is 119004389 a multiple of 49?
True
Is 9 a factor of 37159360?
False
Is 366 a factor of 33482017?
False
Is 157 a factor of 3786369?
True
Is 1705 a factor of 63475708?
False
Is 1133 a factor of 2744126?
True
Is 100 a factor of 21257400?
True
Is 1345086620 a multiple of 4?
True
Is 106 a factor of 31286536?
True
Is 112386828 a multiple of 11?
False
Is 42 a factor of 25973390?
False
Does 165 divide 47260264?
False
Does 210 divide 256299715?
False
Is 23 a factor of 75030122?
False
Is 314620751 a multiple of 976?
False
Is 38181657 a multiple of 3?
True
Is 92 a factor of 365742412?
True
Does 56 divide 63792332?
False
Does 8 divide 2334954640?
True
Does 31 divide 1264624469?
False
Is 744554845 a multiple of 2381?
False
Is 2755406 a multiple of 34?
False
Does 11 divide 142999604?
True
Does 329 divide 324245663?
False
Does 14 divide 288120940?
False
Does 3 divide 337573?
False
Does 336 divide 8548452?
False
Is 120513636 a multiple of 18?
True
Is 38343162 a multiple of 1541?
True
Is 41484007 a multiple of 29?
True
Does 498 divide 520762945?
False
Is 139970844 a multiple of 35?
False
Is 67976075 a multiple of 2?
False
Is 7 a factor of 206348275?
True
Is 102 a factor of 1939941240?
False
Is 247 a factor of 71348173?
True
Is 1321510232 a multiple of 766?
False
Is 16519672 a multiple of 3?
False
Does 2280 divide 700284299?
False
Is 261 a factor of 543386601?
True
Is 140351876 a multiple of 7?
True
Is 635 a factor of 50307240?
True
Does 702 divide 388961483?
False
Is 170135312 a multiple of 16?
True
Is 235 a factor of 125111885?
True
Is 1382059702 a multiple of 967?
False
Is 5014693566 a multiple of 2869?
False
Does 14 divide 224881077?
False
Is 413322156 a multiple of 468?
True
Is 4 a factor of 2395289?
False
Does 1259 divide 3271318682?
False
Is 20445145 a multiple of 702?
False
Is 106 a factor of 42343926?
True
Is 66027114 a multiple of 421?
True
Is 959 a factor of 28039128?
False
Is 3924473 a multiple of 7?
True
Is 375411684 a multiple of 6?
True
Is 1692 a factor of 2155612847?
False
Is 1109248 a multiple of 128?
True
Is 15 a factor of 270252261?
False
Is 1956 a factor of 73539732?
True
Does 144 divide 5388808907?
False
Does 2765 divide 123664625?
True
Does 8 divide 47036181?
False
Does 44 divide 280833256?
True
Is 43901573 a multiple of 320?
False
Is 47554647 a multiple of 329?
True
Does 16 divide 31839696?
True
Is 757 a factor of 67037919?
False
Is 7 a factor of 2992456617?
False
Is 58419570 a multiple of 2110?
True
Is 36299760 a multiple of 527?
True
Is 122918546 a multiple of 475?
False
Does 23 divide 150044344?
False
Is 227835827 a multiple of 12?
False
Does 71 divide 5797127067?
True
Is 8421368 a multiple of 277?
False
Does 661 divide 44933458?
True
Does 1492 divide 1549657?
False
Is 8 a factor of 290950523?
False
Does 114 divide 6974862?
True
Is 313 a factor of 19498617?
False
Is 587911313 a multiple of 629?
False
Does 1227 divide 3075322526?
False
Does 7 divide 72515923?
False
Is 76618263 a multiple of 84?
False
Does 2599 divide 13681136?
True
Does 633 divide 438261348?
True
Is 716 a factor of 73198828?
True
Does 1704 divide 36769276?
False
Does 56 divide 592310544?
True
Is 157513020 a multiple of 21?
True
Is 115 a factor of 1551697070?
True
Does 100 divide 165056000?
True
Is 65625613 a multiple of 73?
True
Is 25 a factor of 4237800?
True
Does 607 divide 17820913?
True
Is 230338911 a multiple of 33?
True
Is 2802052 a multiple of 86?
True
Is 7 a factor of 54099009?
False
Does 27 divide 1582003036?
False
Does 730 divide 144347245?
False
Is 239 a factor of 1114432818?
False
Is 297 a factor of 49055464?
False
Is 346158228 a multiple of 39?
True
Is 142 a factor of 205441631?
False
Does 47 divide 11990593?
True
Does 560 divide 198927680?
True
Is 46 a factor of 221198466?
False
Is 74 a factor of 421869930?
True
Does 344 divide 6696648?
True
Is 12555568 a multiple of 2?
True
Is 3 a factor of 3078442?
False
Is 40 a factor of 67918654?
False
Is 335289628 a multiple of 572?
False
Is 39741217 a multiple of 9?
False
Is 274 a factor of 4326094?
False
Does 31 divide 76877520?
True
Is 20947343 even?
False
Is 39588930 a multiple of 1605?
True
Does 13 divide 128798462?
True
Is 404 a factor of 120183132?
True
Does 9 divide 447295133?
False
Is 1888 a factor of 20894392?
False
Does 14 divide 124311208?
True
Is 96 a factor of 81376704?
True
Does 105 divide 61703250?
True
Is 615 a factor of 42305630?
False
Is 3832 a factor of 89276569?
False
Is 58 a factor of 84041826?
True
Is 25021834 a multiple of 61?
True
Does 2027 divide 1176564528?
False
Is 5320 a factor of 725546920?
True
Is 2787471 a multiple of 19?
True
Is 2439734356 a multiple of 1460?
False
Is 23 a factor of 216043774?
False
Is 5 a factor of 584197?
False
Is 90662208 a multiple of 728?
True
Does 15 divide 1053255141?
False
Does 2 divide 60493992?
True
Is 160 a factor of 13684418?
False
Is 9 a factor of 509252584?
False
Does 741 divide 344609097?
False
Does 1626 divide 3599045?
False
Does 82 divide 231118?
False
Does 23 divide 1244033545?
True
Does 139 divide 2998230?
True
Is 116 a factor of 1474066404?
True
Does 19 divide 120532626?
False
Is 10653588 a multiple of 36?
True
Is 427898200 a multiple of 4150?
True
Is 123309842 a multiple of 31?
False
Does 156 divide 177293064?
True
Is 599236729 a multiple of 2711?
True
Is 265830 a multiple of 56?
False
Does 15 divide 5682930?
True
Is 131693221 a multiple of 21?
False
Is 21617419 a multiple of 42?
False
Is 2042939038 a multiple of 12?
False
Is 327790878 a multiple of 3431?
True
Is 44239156 a multiple of 3771?
False
Is 28 a factor of 20384028?
True
Is 195116086 a multiple of 101?
False
Does 20 divide 6769431?
False
Is 303495301 a multiple of 22?
False
Is 17100636 a multiple of 334?
False
Is 144 a factor of 2389067?
False
Is 56694089 a multiple of 3619?
False
Does 346 divide 523438478?
False
Is 3036113 a multiple of 3?
False
Is 772 a factor of 3272508?
True
Is 12 a factor of 20851681?
False
Does 6514 divide 169214178?
True
Is 815024608 a multiple of 38?
True
Is 129 a factor of 182720911?
False
Does 98 divide 16820477?
False
Is 23710236 a multiple of 22?
True
Is 2547708999 a multiple of 869?
True
Does 14 divide 40454806?
True
Does 15 divide 134160510?
True
Is 758207128 a multiple of 1616?
False
Does 203 divide 203979475?
True
Is 80 a factor of 19636080?
True
Is 385610876 a multiple of 1522?
True
Is 7426204335 a multiple of 2943?
True
Is 3435 a factor of 163580713?
False
Is 220881304 a multiple of 451?
False
Is 28 a factor of 66539061?
False
Is 597064973 a multiple of 1335?
False
Does 3113 divide 271017780?
True
Does 44 divide 15691295?
False
Does 88 divide 15137284?
False
Does 33 divide 87617673?
True
Is 34296318 a multiple of 31?
False
Does 964 divide 90745177?
False
Is 604 a factor of 18977076?
True
Is 311161833 a multiple of 3?
True
Is 19 a factor of 337469566?
False
Is 27 a factor of 62545932?
True
Does 133 divide 19560177?
True
Does 11 divide 4918760?
True
Does 6 divide 36415392?
True
Does 260 divide 140378680?
True
Is 55 a factor of 4581811740?
True
Does 36 divide 2154795120?
True
Is 135019546 a multiple of 244?
False
Does 1869 divide 1327988046?
True
Is 1169732233 a multiple of 5217?
False
Is 275978682 a multiple of 18?
True
Does 21 divide 684907398?
True
Is 550783486 a multiple of 26?
False
Does 53 divide 5325977?
False
Is 339 a factor of 795725075?
False
Does 21 divide 78130771?
False
Is 277030375 a multiple of 505?
True
Is 5 a factor of 1019335515?
True
Does 28 divide 71384460?
True
Is 189 a factor of 290498224?
False
Does 8 divide 6224453?
False
Is 366237764 a multiple of 1104?
False
Is 294 a factor of 180114690?
True
Does 11 divide 15507927?
False
Is 1097 a fact